{"id":4356,"date":"2023-01-24T20:54:55","date_gmt":"2023-01-24T20:54:55","guid":{"rendered":"http:\/\/anexcellentchoice.nl\/welkom\/?page_id=4356"},"modified":"2023-02-02T08:16:00","modified_gmt":"2023-02-02T08:16:00","slug":"gradaties","status":"publish","type":"page","link":"https:\/\/anexcellentchoice.nl\/welkom\/gradaties\/","title":{"rendered":"Gradaties"},"content":{"rendered":"<ol>\n<li><span style=\"color: #ffffff;\"><strong>Gradaties Syringomyelia (SM)<\/strong><\/span><\/li>\n<\/ol>\n<p>De enige manier om syringomeylia (SM) vast te stellen is via een mri-scan. Voor deze test bezoek ik Dierenkliniek Den Heuvel te Best. De arts die het onderzoek verricht is dierenarts Dhr. Erik Noorman. Er zijn in de afgelopen jaren meerdere manieren ontstaan van graderen. Het eerste systeem waarmee Nederland heeft gewerkt is ontwikkeld door de Mevr. Clare Rusbridge (UK). Er werd toen gewerkt met cijfers A-C-D-E-F en een herscan werd aanbevolen met 2 \u00bd jaar leeftijd. Vanaf 2012 is door de RvB in samenwerking met Dhr. Paul Mandigers een nieuw beoordelingssysteem bedacht. Hierbij werd onderscheid gemaakt bij honden die wel of geen ccd hebben onder de 2mm. Het woord ccd betekent central canal dilatation = verwijding van het centrale kanaal. Het oude systeem is toen omgezet naar een nieuw graderingssyteem. Wij kregen toen tijdelijk een beoordeling met 2 uitslagen per hond, \u00e9\u00e9n volgens het oude systeem en \u00e9\u00e9n volgens het nieuwe systeem. Inmiddels krijgen we nog 1 beoordeling welke gelijk is aan het BVA\/Kennelclub schema en ook is de leeftijdsgrens voor een herscan verhoogt van 2 \u00bd jaar naar 3 jaar. Er zijn dus 3 leeftijdscategorie\u00ebn. De oudste leeftijdscategorie, herscan met 5 jaar of ouder, is op geheel vrijwillige basis. Daar veel mensen moeite hebben met deze gradaties, daarom hieronder een korte uitleg.<span style=\"color: #ffffff;\"><strong>De volgende gradaties worden door de rasvereniging en de Raad van Beheer gebruikt:<\/strong><\/span><\/p>\n<ul>\n<li>SM gradatie 0a\u00a0\u00a0\u00a0\u00a0\u00a0\u00a0\u00a0\u00a0\u00a0\u00a0 geen ccd, hond is 5 jaar of ouder<\/li>\n<li>SM gradatie 0b\u00a0\u00a0\u00a0\u00a0\u00a0\u00a0\u00a0\u00a0\u00a0\u00a0 geen ccd, hond is 3-5 jaar oud<\/li>\n<li>SM gradatie 0c\u00a0\u00a0\u00a0\u00a0\u00a0\u00a0\u00a0\u00a0\u00a0\u00a0 geen ccd, hond is 1-3 jaar oud<\/li>\n<\/ul>\n<ul>\n<li>SM gradatie 1a\u00a0\u00a0\u00a0\u00a0\u00a0\u00a0\u00a0\u00a0\u00a0\u00a0 wel ccd, maar &lt;2mm, hond is 5 jaar of ouder<\/li>\n<li>SM gradatie 1b\u00a0\u00a0\u00a0\u00a0\u00a0\u00a0\u00a0\u00a0\u00a0\u00a0 wel ccd, maar &lt;2mm, hond is 3-5 jaar oud<\/li>\n<li>SM gradatie 1c\u00a0\u00a0\u00a0\u00a0\u00a0\u00a0\u00a0\u00a0\u00a0\u00a0 wel ccd, maar &lt;2mm, hond is 1-3 jaar oud<\/li>\n<\/ul>\n<ul>\n<li>SM gradatie 2a\u00a0\u00a0\u00a0\u00a0\u00a0\u00a0\u00a0\u00a0\u00a0\u00a0 wel ccd, maar &gt;2mm, hond is 5 jaar of ouder<\/li>\n<li>SM gradatie 2b\u00a0\u00a0\u00a0\u00a0\u00a0\u00a0\u00a0\u00a0\u00a0\u00a0 wel ccd, maar &gt;2mm, hond is 3-5 jaar oud<\/li>\n<li>SM gradatie 2c\u00a0\u00a0\u00a0\u00a0\u00a0\u00a0\u00a0\u00a0\u00a0\u00a0 wel ccd, maar &gt;2mm, hond is 1-3 jaar oud<\/li>\n<\/ul>\n<p>Afhankelijk van de leeftijd van de hond en de aan-of afwezigheid van ccd is er een fokadvies schema ontwikkeld. Uitsluitend combinaties die voldoen aan dit schema zijn goedgekeurd door de rasvereniging en de Raad van Beheer. Dit staat beschreven in de uitvoeringsregels van de Raad van Beheer. Met ingang van 01-01-2014 gelden deze uitvoeringregels voor alle ouderdieren die pups met stamboom op de wereld willen zetten. Voldoet men niet, dan worden er ook geen stambomen afgegeven voor de pups.<\/p>\n<p>Klik hier om naar het<a href=\"http:\/\/anexcellentchoice.nl\/welkom\/fokadviesschema-syringomyelia\/\"> fokadviesschema<\/a> te gaan.<span style=\"color: #ffffff;\"><strong>Gradaties Hart<\/strong><\/span><\/p>\n<p>Elk jaar worden al mijn cavaliertjes onderzocht op het hart. Dit kan op 2 manieren. De eerste mogelijkheid is een kleurendoppler\/echo. Voor deze test bezoek ik Dierenkliniek voor Gezelschapsdieren te Eersel. De ervaren arts Hanneke van Meeuwen verricht het onderzoek.<span style=\"color: #ffffff;\"><strong>De volgende classificaties kunnen voorkomen:<\/strong><\/span><\/p>\n<ul>\n<li>A = geen afwijkingen<\/li>\n<li>B = minimale afwijkingen ter hoogte van de mitralisklep<\/li>\n<li>C = milde afwijkingen ter hoogte van de mitralisklep<\/li>\n<li>D = matige afwijkingen ter hoogte van de mitralisklep<\/li>\n<li>E = ernstige afwijkingen ter hoogte van de mitralisklep<\/li>\n<\/ul>\n<p>Een hartgradatie A-B-C is toegestaan binnen de fokkerij. Met een hartgradatie D-E wordt geadviseerd niet te gaan fokken.<\/p>\n<p>Een andere manier om het hart te controleren is via een afluistering door een internist of cardioloog. Voor deze test bezoek ik de Veterinaire Specialisten te Oisterwijk. De internist Mevr. Overduin verricht het onderzoek.<\/p>\n<p><span style=\"color: #ffffff;\"><strong>De gradaties van de bijgeruisen worden als volgt gegradeerd:<\/strong><\/span><\/p>\n<ul>\n<li>0 = geen bijgeruis<\/li>\n<li>1 = een heel zacht bijgeruis dat enkel gehoord kan worden bij een rustige hond, in een rustige omgeving,<br \/>\n<span style=\"color: #000000;\">&#8230;&#8230;&#8230;.<\/span>na aandachtig luisteren<\/li>\n<li>2 = een zacht bijgeruis dat bij een rustige hond in een rustige omgeving vlot te horen is.<\/li>\n<li>3 = een matig luid bijgeruis dat duidelijk te horen is<\/li>\n<li>4 = een luid bijgeruis zonder voelbare trilling<\/li>\n<li>5 = een luid bijgeruis dat gepaard gaat met een voelbare trilling op de borstkas ter hoogte van het hart.<\/li>\n<li>6 = een luid bijgeruis dat gepaard gaat met een voelbare trilling, dat zelfs te horen is wanneer de stethoscoop<br \/>\n<span style=\"color: #000000;\">&#8230;&#8230;&#8230;.<\/span>lichtjes van de borstkas verwijderd is.<\/li>\n<\/ul>\n<p>Ook de plaats, timing en het geluid van het bijgeruis kan beschreven worden:<\/p>\n<ul>\n<li>systolisch: tijdens de pompfase<\/li>\n<li>diastolisch: tijdens de vullingsfase<\/li>\n<\/ul>\n<p>Een bijgeruis ontstaat door turbulenties in de bloedvloei. Indien het niet gaat om een onschuldige of fysologische bijgeruis , dan gaat het dus om een aangeboren en\/of erfelijke aandoening.<\/p>\n<p>&nbsp;<\/p>\n<p>&nbsp;<\/p>\n","protected":false},"excerpt":{"rendered":"<p>Gradaties Syringomyelia (SM) De enige manier om syringomeylia (SM) vast te stellen is via een mri-scan. Voor deze test bezoek ik Dierenkliniek Den Heuvel te Best. De arts die het onderzoek verricht is dierenarts Dhr. Erik Noorman. Er zijn in de afgelopen jaren meerdere manieren ontstaan van graderen. Het eerste systeem waarmee Nederland heeft gewerkt&#8230;<\/p>\n<p class=\"more-link-wrap\"><a href=\"https:\/\/anexcellentchoice.nl\/welkom\/gradaties\/\" class=\"more-link\">Lees meer<span class=\"screen-reader-text\"> &ldquo;Gradaties&rdquo;<\/span> &raquo;<\/a><\/p>\n","protected":false},"author":3,"featured_media":0,"parent":0,"menu_order":0,"comment_status":"closed","ping_status":"closed","template":"","meta":{"footnotes":""},"class_list":["post-4356","page","type-page","status-publish","hentry"],"yoast_head":"<!-- This site is optimized with the Yoast SEO plugin v26.8 - https:\/\/yoast.com\/product\/yoast-seo-wordpress\/ -->\n<title>Gradaties - An Excellent Choice<\/title>\n<meta name=\"robots\" content=\"index, follow, max-snippet:-1, max-image-preview:large, max-video-preview:-1\" \/>\n<link rel=\"canonical\" href=\"https:\/\/anexcellentchoice.nl\/welkom\/gradaties\/\" \/>\n<meta property=\"og:locale\" content=\"nl_NL\" \/>\n<meta property=\"og:type\" content=\"article\" \/>\n<meta property=\"og:title\" content=\"Gradaties - An Excellent Choice\" \/>\n<meta property=\"og:description\" content=\"Gradaties Syringomyelia (SM) De enige manier om syringomeylia (SM) vast te stellen is via een mri-scan. Voor deze test bezoek ik Dierenkliniek Den Heuvel te Best. De arts die het onderzoek verricht is dierenarts Dhr. Erik Noorman. Er zijn in de afgelopen jaren meerdere manieren ontstaan van graderen. Het eerste systeem waarmee Nederland heeft gewerkt...Lees meer &ldquo;Gradaties&rdquo; &raquo;\" \/>\n<meta property=\"og:url\" content=\"https:\/\/anexcellentchoice.nl\/welkom\/gradaties\/\" \/>\n<meta property=\"og:site_name\" content=\"An Excellent Choice\" \/>\n<meta property=\"article:modified_time\" content=\"2023-02-02T08:16:00+00:00\" \/>\n<meta name=\"twitter:card\" content=\"summary_large_image\" \/>\n<meta name=\"twitter:label1\" content=\"Geschatte leestijd\" \/>\n\t<meta name=\"twitter:data1\" content=\"4 minuten\" \/>\n<script type=\"application\/ld+json\" class=\"yoast-schema-graph\">{\"@context\":\"https:\/\/schema.org\",\"@graph\":[{\"@type\":\"WebPage\",\"@id\":\"https:\/\/anexcellentchoice.nl\/welkom\/gradaties\/\",\"url\":\"https:\/\/anexcellentchoice.nl\/welkom\/gradaties\/\",\"name\":\"Gradaties - An Excellent Choice\",\"isPartOf\":{\"@id\":\"https:\/\/anexcellentchoice.nl\/welkom\/#website\"},\"datePublished\":\"2023-01-24T20:54:55+00:00\",\"dateModified\":\"2023-02-02T08:16:00+00:00\",\"breadcrumb\":{\"@id\":\"https:\/\/anexcellentchoice.nl\/welkom\/gradaties\/#breadcrumb\"},\"inLanguage\":\"nl-NL\",\"potentialAction\":[{\"@type\":\"ReadAction\",\"target\":[\"https:\/\/anexcellentchoice.nl\/welkom\/gradaties\/\"]}]},{\"@type\":\"BreadcrumbList\",\"@id\":\"https:\/\/anexcellentchoice.nl\/welkom\/gradaties\/#breadcrumb\",\"itemListElement\":[{\"@type\":\"ListItem\",\"position\":1,\"name\":\"Home\",\"item\":\"https:\/\/anexcellentchoice.nl\/welkom\/\"},{\"@type\":\"ListItem\",\"position\":2,\"name\":\"Gradaties\"}]},{\"@type\":\"WebSite\",\"@id\":\"https:\/\/anexcellentchoice.nl\/welkom\/#website\",\"url\":\"https:\/\/anexcellentchoice.nl\/welkom\/\",\"name\":\"An Excellent Choice\",\"description\":\"Fokker van de Cavelier King Charles Spaniel\",\"potentialAction\":[{\"@type\":\"SearchAction\",\"target\":{\"@type\":\"EntryPoint\",\"urlTemplate\":\"https:\/\/anexcellentchoice.nl\/welkom\/?s={search_term_string}\"},\"query-input\":{\"@type\":\"PropertyValueSpecification\",\"valueRequired\":true,\"valueName\":\"search_term_string\"}}],\"inLanguage\":\"nl-NL\"}]}<\/script>\n<!-- \/ Yoast SEO plugin. -->","yoast_head_json":{"title":"Gradaties - An Excellent Choice","robots":{"index":"index","follow":"follow","max-snippet":"max-snippet:-1","max-image-preview":"max-image-preview:large","max-video-preview":"max-video-preview:-1"},"canonical":"https:\/\/anexcellentchoice.nl\/welkom\/gradaties\/","og_locale":"nl_NL","og_type":"article","og_title":"Gradaties - An Excellent Choice","og_description":"Gradaties Syringomyelia (SM) De enige manier om syringomeylia (SM) vast te stellen is via een mri-scan. Voor deze test bezoek ik Dierenkliniek Den Heuvel te Best. De arts die het onderzoek verricht is dierenarts Dhr. Erik Noorman. Er zijn in de afgelopen jaren meerdere manieren ontstaan van graderen. Het eerste systeem waarmee Nederland heeft gewerkt...Lees meer &ldquo;Gradaties&rdquo; &raquo;","og_url":"https:\/\/anexcellentchoice.nl\/welkom\/gradaties\/","og_site_name":"An Excellent Choice","article_modified_time":"2023-02-02T08:16:00+00:00","twitter_card":"summary_large_image","twitter_misc":{"Geschatte leestijd":"4 minuten"},"schema":{"@context":"https:\/\/schema.org","@graph":[{"@type":"WebPage","@id":"https:\/\/anexcellentchoice.nl\/welkom\/gradaties\/","url":"https:\/\/anexcellentchoice.nl\/welkom\/gradaties\/","name":"Gradaties - An Excellent Choice","isPartOf":{"@id":"https:\/\/anexcellentchoice.nl\/welkom\/#website"},"datePublished":"2023-01-24T20:54:55+00:00","dateModified":"2023-02-02T08:16:00+00:00","breadcrumb":{"@id":"https:\/\/anexcellentchoice.nl\/welkom\/gradaties\/#breadcrumb"},"inLanguage":"nl-NL","potentialAction":[{"@type":"ReadAction","target":["https:\/\/anexcellentchoice.nl\/welkom\/gradaties\/"]}]},{"@type":"BreadcrumbList","@id":"https:\/\/anexcellentchoice.nl\/welkom\/gradaties\/#breadcrumb","itemListElement":[{"@type":"ListItem","position":1,"name":"Home","item":"https:\/\/anexcellentchoice.nl\/welkom\/"},{"@type":"ListItem","position":2,"name":"Gradaties"}]},{"@type":"WebSite","@id":"https:\/\/anexcellentchoice.nl\/welkom\/#website","url":"https:\/\/anexcellentchoice.nl\/welkom\/","name":"An Excellent Choice","description":"Fokker van de Cavelier King Charles Spaniel","potentialAction":[{"@type":"SearchAction","target":{"@type":"EntryPoint","urlTemplate":"https:\/\/anexcellentchoice.nl\/welkom\/?s={search_term_string}"},"query-input":{"@type":"PropertyValueSpecification","valueRequired":true,"valueName":"search_term_string"}}],"inLanguage":"nl-NL"}]}},"_links":{"self":[{"href":"https:\/\/anexcellentchoice.nl\/welkom\/wp-json\/wp\/v2\/pages\/4356","targetHints":{"allow":["GET"]}}],"collection":[{"href":"https:\/\/anexcellentchoice.nl\/welkom\/wp-json\/wp\/v2\/pages"}],"about":[{"href":"https:\/\/anexcellentchoice.nl\/welkom\/wp-json\/wp\/v2\/types\/page"}],"author":[{"embeddable":true,"href":"https:\/\/anexcellentchoice.nl\/welkom\/wp-json\/wp\/v2\/users\/3"}],"replies":[{"embeddable":true,"href":"https:\/\/anexcellentchoice.nl\/welkom\/wp-json\/wp\/v2\/comments?post=4356"}],"version-history":[{"count":12,"href":"https:\/\/anexcellentchoice.nl\/welkom\/wp-json\/wp\/v2\/pages\/4356\/revisions"}],"predecessor-version":[{"id":4898,"href":"https:\/\/anexcellentchoice.nl\/welkom\/wp-json\/wp\/v2\/pages\/4356\/revisions\/4898"}],"wp:attachment":[{"href":"https:\/\/anexcellentchoice.nl\/welkom\/wp-json\/wp\/v2\/media?parent=4356"}],"curies":[{"name":"wp","href":"https:\/\/api.w.org\/{rel}","templated":true}]}}